{"id":323,"date":"2024-03-11T12:58:43","date_gmt":"2024-03-11T12:58:43","guid":{"rendered":"https:\/\/www.secretshelter.de\/?page_id=323"},"modified":"2025-06-04T21:25:53","modified_gmt":"2025-06-04T21:25:53","slug":"presse-info","status":"publish","type":"page","link":"https:\/\/www.secretshelter.de\/?page_id=323","title":{"rendered":"Presse\/Info"},"content":{"rendered":"\n<div class=\"wp-block-group is-layout-constrained wp-block-group-is-layout-constrained\"><div class=\"wp-block-group__inner-container\">\n<h2 class=\"wp-block-heading\">Logos<\/h2>\n\n\n\n<figure class=\"wp-block-gallery has-nested-images columns-2 has-medium-black-background-color has-background wp-block-gallery-1 is-layout-flex wp-block-gallery-is-layout-flex\">\n<figure class=\"wp-block-image size-full\"><a href=\"https:\/\/www.secretshelter.de\/wp-content\/uploads\/2024\/03\/Logo_gelb-1.png\" target=\"_blank\" rel=\"noopener\"><img loading=\"lazy\" decoding=\"async\" width=\"2000\" height=\"411\" src=\"https:\/\/www.secretshelter.de\/wp-content\/uploads\/2024\/03\/Logo_gelb-1.png\" alt=\"\" class=\"wp-image-382\" srcset=\"https:\/\/www.secretshelter.de\/wp-content\/uploads\/2024\/03\/Logo_gelb-1.png 2000w, https:\/\/www.secretshelter.de\/wp-content\/uploads\/2024\/03\/Logo_gelb-1-300x62.png 300w, https:\/\/www.secretshelter.de\/wp-content\/uploads\/2024\/03\/Logo_gelb-1-1024x210.png 1024w, https:\/\/www.secretshelter.de\/wp-content\/uploads\/2024\/03\/Logo_gelb-1-768x158.png 768w, https:\/\/www.secretshelter.de\/wp-content\/uploads\/2024\/03\/Logo_gelb-1-1536x316.png 1536w\" sizes=\"(max-width: 2000px) 100vw, 2000px\" \/><\/a><\/figure>\n\n\n\n<figure class=\"wp-block-image size-full\"><a href=\"https:\/\/www.secretshelter.de\/wp-content\/uploads\/2024\/03\/Logo_gelb_finest_transp.png\"><img loading=\"lazy\" decoding=\"async\" width=\"1772\" height=\"270\" src=\"https:\/\/www.secretshelter.de\/wp-content\/uploads\/2024\/03\/Logo_gelb_finest_transp.png\" alt=\"\" class=\"wp-image-378\"\/><\/a><\/figure>\n\n\n\n<figure class=\"wp-block-image size-full\"><a href=\"https:\/\/www.secretshelter.de\/wp-content\/uploads\/2024\/03\/Logo_gelb_finestb_transp.png\" target=\"_blank\" rel=\"noopener\"><img loading=\"lazy\" decoding=\"async\" width=\"1772\" height=\"270\" src=\"https:\/\/www.secretshelter.de\/wp-content\/uploads\/2024\/03\/Logo_gelb_finestb_transp.png\" alt=\"\" class=\"wp-image-384\" srcset=\"https:\/\/www.secretshelter.de\/wp-content\/uploads\/2024\/03\/Logo_gelb_finestb_transp.png 1772w, https:\/\/www.secretshelter.de\/wp-content\/uploads\/2024\/03\/Logo_gelb_finestb_transp-300x46.png 300w, https:\/\/www.secretshelter.de\/wp-content\/uploads\/2024\/03\/Logo_gelb_finestb_transp-1024x156.png 1024w, https:\/\/www.secretshelter.de\/wp-content\/uploads\/2024\/03\/Logo_gelb_finestb_transp-768x117.png 768w, https:\/\/www.secretshelter.de\/wp-content\/uploads\/2024\/03\/Logo_gelb_finestb_transp-1536x234.png 1536w\" sizes=\"(max-width: 1772px) 100vw, 1772px\" \/><\/a><\/figure>\n\n\n\n<figure class=\"wp-block-image size-full\"><a href=\"https:\/\/www.secretshelter.de\/wp-content\/uploads\/2024\/03\/Logo_gelb_transp.png\" target=\"_blank\" rel=\"noopener\"><img loading=\"lazy\" decoding=\"async\" width=\"1772\" height=\"227\" src=\"https:\/\/www.secretshelter.de\/wp-content\/uploads\/2024\/03\/Logo_gelb_transp.png\" alt=\"\" class=\"wp-image-380\" srcset=\"https:\/\/www.secretshelter.de\/wp-content\/uploads\/2024\/03\/Logo_gelb_transp.png 1772w, https:\/\/www.secretshelter.de\/wp-content\/uploads\/2024\/03\/Logo_gelb_transp-300x38.png 300w, https:\/\/www.secretshelter.de\/wp-content\/uploads\/2024\/03\/Logo_gelb_transp-1024x131.png 1024w, https:\/\/www.secretshelter.de\/wp-content\/uploads\/2024\/03\/Logo_gelb_transp-768x98.png 768w, https:\/\/www.secretshelter.de\/wp-content\/uploads\/2024\/03\/Logo_gelb_transp-1536x197.png 1536w\" sizes=\"(max-width: 1772px) 100vw, 1772px\" \/><\/a><\/figure>\n\n\n\n<figure class=\"wp-block-image size-full\"><a href=\"https:\/\/www.secretshelter.de\/wp-content\/uploads\/2024\/03\/Logo_schwarz_finest_transp.png\" target=\"_blank\" rel=\"noopener\"><img loading=\"lazy\" decoding=\"async\" width=\"1772\" height=\"270\" src=\"https:\/\/www.secretshelter.de\/wp-content\/uploads\/2024\/03\/Logo_schwarz_finest_transp.png\" alt=\"\" class=\"wp-image-383\" srcset=\"https:\/\/www.secretshelter.de\/wp-content\/uploads\/2024\/03\/Logo_schwarz_finest_transp.png 1772w, https:\/\/www.secretshelter.de\/wp-content\/uploads\/2024\/03\/Logo_schwarz_finest_transp-300x46.png 300w, https:\/\/www.secretshelter.de\/wp-content\/uploads\/2024\/03\/Logo_schwarz_finest_transp-1024x156.png 1024w, https:\/\/www.secretshelter.de\/wp-content\/uploads\/2024\/03\/Logo_schwarz_finest_transp-768x117.png 768w, https:\/\/www.secretshelter.de\/wp-content\/uploads\/2024\/03\/Logo_schwarz_finest_transp-1536x234.png 1536w\" sizes=\"(max-width: 1772px) 100vw, 1772px\" \/><\/a><\/figure>\n\n\n\n<figure class=\"wp-block-image size-full\"><a href=\"https:\/\/www.secretshelter.de\/wp-content\/uploads\/2024\/03\/Logo_schwarz_transp.png\" target=\"_blank\" rel=\"noopener\"><img loading=\"lazy\" decoding=\"async\" width=\"1772\" height=\"227\" src=\"https:\/\/www.secretshelter.de\/wp-content\/uploads\/2024\/03\/Logo_schwarz_transp.png\" alt=\"\" class=\"wp-image-381\" srcset=\"https:\/\/www.secretshelter.de\/wp-content\/uploads\/2024\/03\/Logo_schwarz_transp.png 1772w, https:\/\/www.secretshelter.de\/wp-content\/uploads\/2024\/03\/Logo_schwarz_transp-300x38.png 300w, https:\/\/www.secretshelter.de\/wp-content\/uploads\/2024\/03\/Logo_schwarz_transp-1024x131.png 1024w, https:\/\/www.secretshelter.de\/wp-content\/uploads\/2024\/03\/Logo_schwarz_transp-768x98.png 768w, https:\/\/www.secretshelter.de\/wp-content\/uploads\/2024\/03\/Logo_schwarz_transp-1536x197.png 1536w\" sizes=\"(max-width: 1772px) 100vw, 1772px\" \/><\/a><\/figure>\n\n\n\n<figure class=\"wp-block-image size-full\"><a href=\"https:\/\/www.secretshelter.de\/wp-content\/uploads\/2024\/03\/Logo_schwarz_finest.png\"><img loading=\"lazy\" decoding=\"async\" width=\"2000\" height=\"411\" src=\"https:\/\/www.secretshelter.de\/wp-content\/uploads\/2024\/03\/Logo_schwarz_finest.png\" alt=\"\" class=\"wp-image-379\"\/><\/a><\/figure>\n<\/figure>\n<\/div><\/div>\n\n\n\n<div class=\"wp-block-group is-layout-constrained wp-block-group-is-layout-constrained\"><div class=\"wp-block-group__inner-container\">\n<h2 class=\"wp-block-heading\">Pressefotos<\/h2>\n\n\n\n<figure class=\"wp-block-gallery has-nested-images columns-default wp-block-gallery-2 is-layout-flex wp-block-gallery-is-layout-flex\">\n<figure class=\"wp-block-image size-full\"><a href=\"https:\/\/www.secretshelter.de\/wp-content\/uploads\/2025\/06\/Band2025.jpg\"><img loading=\"lazy\" decoding=\"async\" width=\"2560\" height=\"1278\" src=\"https:\/\/www.secretshelter.de\/wp-content\/uploads\/2025\/06\/Band2025.jpg\" alt=\"\" class=\"wp-image-443\" srcset=\"https:\/\/www.secretshelter.de\/wp-content\/uploads\/2025\/06\/Band2025.jpg 2560w, https:\/\/www.secretshelter.de\/wp-content\/uploads\/2025\/06\/Band2025-300x150.jpg 300w, https:\/\/www.secretshelter.de\/wp-content\/uploads\/2025\/06\/Band2025-1024x511.jpg 1024w, https:\/\/www.secretshelter.de\/wp-content\/uploads\/2025\/06\/Band2025-768x383.jpg 768w, https:\/\/www.secretshelter.de\/wp-content\/uploads\/2025\/06\/Band2025-1536x767.jpg 1536w, https:\/\/www.secretshelter.de\/wp-content\/uploads\/2025\/06\/Band2025-2048x1022.jpg 2048w\" sizes=\"(max-width: 2560px) 100vw, 2560px\" \/><\/a><figcaption class=\"wp-element-caption\">2560 x 1278 px<\/figcaption><\/figure>\n<figcaption class=\"blocks-gallery-caption wp-element-caption\">F\u00fcr volle Aufl\u00f6sung auf die Bilder klicken<\/figcaption><\/figure>\n<\/div><\/div>\n\n\n\n<div class=\"wp-block-group is-layout-constrained wp-block-group-is-layout-constrained\"><div class=\"wp-block-group__inner-container\">\n<h2 class=\"wp-block-heading\">Pressetext<\/h2>\n\n\n\n<p>Secret Shelter \u2013 pulsierend treibender, groovig erdverbundener Sound aus der Hockenheimer Hardrock-\/Metal-Kreativ-Werkstatt um die beiden Gitarristen Stefan Sch\u00f6pfer und Ralf Wiedemann. Erg\u00e4nzt durch den S\u00e4nger Stavros Kompogiorgas aka Steve Wise, Anatol D\u00fcck an den Drums und Steven Kadner am Bass kn\u00fcpft die Formation an die erfolgreichen Wurzeln der Secret Shelter der 1990er-Jahre an, die ihre H\u00f6hepunkte in der Ver\u00f6ffentlichung zweier CDs (\u201eLife after Sex\u201c und \u201eBeyond the Mirror\u201c) hatte. Ziel der f\u00fcnf Musiker ist es, den dr\u00fcckenden und zugleich ausdifferenzierten Sound der modern ausgerichteten Eigenkompositionen \u2013 angereichert durch Coverst\u00fccke wegbereitender Bands des Genres (Iron Maiden, Judas Priest u.a.) \u2013 auf die B\u00fchnen zu bringen.<\/p>\n\n\n\n<p><em>Barrierefreies H\u00f6rvergn\u00fcgen f\u00fcr Freidenker und Freih\u00f6rer.<\/em><\/p>\n<\/div><\/div>\n\n\n\n<div class=\"wp-block-group is-layout-constrained wp-block-group-is-layout-constrained\"><div class=\"wp-block-group__inner-container\">\n<h2 class=\"wp-block-heading\">B\u00fchnenplan \/ Technical Rider<\/h2>\n\n\n\n<div data-wp-interactive=\"\" class=\"wp-block-file\"><object data-wp-bind--hidden=\"!selectors.core.file.hasPdfPreview\" hidden class=\"wp-block-file__embed\" data=\"https:\/\/www.secretshelter.de\/wp-content\/uploads\/2024\/03\/Secret-Shelter-Stageplan.pdf\" type=\"application\/pdf\" style=\"width:100%;height:600px\" aria-label=\"Einbettung von Secret-Shelter-Stageplan.\"><\/object><a id=\"wp-block-file--media-87063be4-fd85-47d5-9ddf-8266f045a343\" href=\"https:\/\/www.secretshelter.de\/wp-content\/uploads\/2024\/03\/Secret-Shelter-Stageplan.pdf\">Secret-Shelter-Stageplan<\/a><a href=\"https:\/\/www.secretshelter.de\/wp-content\/uploads\/2024\/03\/Secret-Shelter-Stageplan.pdf\" class=\"wp-block-file__button wp-element-button\" download aria-describedby=\"wp-block-file--media-87063be4-fd85-47d5-9ddf-8266f045a343\">Herunterladen<\/a><\/div>\n<\/div><\/div>\n","protected":false},"excerpt":{"rendered":"<p>Logos Pressefotos Pressetext Secret Shelter \u2013 pulsierend treibender, groovig erdverbundener Sound aus der Hockenheimer Hardrock-\/Metal-Kreativ-Werkstatt um die beiden Gitarristen Stefan Sch\u00f6pfer und Ralf Wiedemann. Erg\u00e4nzt durch den S\u00e4nger Stavros Kompogiorgas<a href=\"https:\/\/www.secretshelter.de\/?page_id=323\" class=\"more-link\"><span class=\"readmore\">Weiterlesen<span class=\"screen-reader-text\">Presse\/Info<\/span><\/span><\/a><\/p>\n","protected":false},"author":2,"featured_media":0,"parent":0,"menu_order":0,"comment_status":"closed","ping_status":"closed","template":"","meta":{"footnotes":""},"jetpack_sharing_enabled":true,"_links":{"self":[{"href":"https:\/\/www.secretshelter.de\/index.php?rest_route=\/wp\/v2\/pages\/323"}],"collection":[{"href":"https:\/\/www.secretshelter.de\/index.php?rest_route=\/wp\/v2\/pages"}],"about":[{"href":"https:\/\/www.secretshelter.de\/index.php?rest_route=\/wp\/v2\/types\/page"}],"author":[{"embeddable":true,"href":"https:\/\/www.secretshelter.de\/index.php?rest_route=\/wp\/v2\/users\/2"}],"replies":[{"embeddable":true,"href":"https:\/\/www.secretshelter.de\/index.php?rest_route=%2Fwp%2Fv2%2Fcomments&post=323"}],"version-history":[{"count":16,"href":"https:\/\/www.secretshelter.de\/index.php?rest_route=\/wp\/v2\/pages\/323\/revisions"}],"predecessor-version":[{"id":446,"href":"https:\/\/www.secretshelter.de\/index.php?rest_route=\/wp\/v2\/pages\/323\/revisions\/446"}],"wp:attachment":[{"href":"https:\/\/www.secretshelter.de\/index.php?rest_route=%2Fwp%2Fv2%2Fmedia&parent=323"}],"curies":[{"name":"wp","href":"https:\/\/api.w.org\/{rel}","templated":true}]}}